 Let b(p) = 6*f(p) + 5*z(p). Give b(-6).
4
Let t(j) = 10*j**2 - 227*j - 74. Let z be t(23). Let i(u) be the third derivative of -u**4/6 - 7*u**3/6 - 16*u**2. Give i(z).
13
Suppose 180 + 5 - 11 = 87*i. Let h(t) = 3*t**2 + 2*t - 8. Calculate h(i).
8
Let d be (27/(-2))/(235/(-10) - -23). Let x(i) = -5*i + 144. Give x(d).
9
Let o(t) be the third derivative of -t**5/60 + t**4/2 + 29*t**3/2 + 5417*t**2. What is o(-5)?
2
Let j(m) be the second derivative of m**5/20 + m**4/2 - m**3/3 - 8*m**2 - 152*m - 11. What is j(0)?
-16
Let j(n) = -2*n - 4. Let p(t) = t**3 + 5*t - 3. Let v be p(0). Let c be j(v). Let f(g) = -g**2 + 14*g - 2*g**c - 3*g - 9*g - g**3 + 5. Give f(-4).
13
Let w be ((-36)/15)/6 - 17/(-5). Let l(i) = 3*i - 11. Determine l(w).
-2
Let b = -193 - -206. Let d(u) be the second derivative of 5/2*u**2 + 0 + 1/3*u**3 + b*u. Determine d(-8).
-11
Let c(h) be the first derivative of -h**4/4 + 5*h**3/3 + 4*h**2 + h - 380. What is c(7)?
-41
Let s(m) be the first derivative of -m**3 + 33*m**2/2 - 91*m - 4233. Calculate s(5).
-1
Let l(u) = -17*u**3 + 22*u**2 + 44*u - 9. Let i(v) = -42*v**3 + 45*v**2 + 88*v - 20. Let j(b) = 2*i(b) - 5*l(b). Determine j(22).
5
Let z(c) be the first derivative of -2*c**2 + 15*c - 14. Let m be z(5). Let x be 4 - (4/(-1) - m). Let o(b) = 3*b. Determine o(x).
9
Let f(i) = -i**2 + 5*i + 2. Let h(r) = 8*r - 8*r - 2*r + r. Let b(p) = 15. Let z(c) = -b(c) - 3*h(c). Let l be z(6). What is f(l)?
8
Let x(c) = c**3 - 4*c**2 + 4*c - 2. Suppose 0 = -3*p, 4*p = -2*j + 218 + 34. Let o = -221 + j. Let f = o + 98. What is x(f)?
1
Suppose 182*l + 1128 = 194*l. Suppose 0 = 38*w - 18 + l. Let t(u) = 2*u**3 + 3*u**2 + 5*u + 5. Calculate t(w).
-9
Let j(m) = m**2 - m - 2. Suppose 35*c - 27*c - 192 = 0. Suppose -17*g = c*g - 205. Calculate j(g).
18
Let u(q) = -8*q**3 - 2*q**2 - 3*q - 2. Let g be (-42)/(-147) - ((-3)/(-18) - 188/(-168)). Calculate u(g).
7
Let h(v) = -5*v + 5 + 7*v**2 - 8*v + v**3 - 2*v**3 + 18*v - 7*v. Give h(7).
-9
Let w be (10/(-4))/(2/4). Let s(p) = 7*p**2 - 66. Let j(y) = 2*y**2 - 2*y - 24. Let r(n) = -3*j(n) + s(n). Give r(w).
1
Let w be 10/20 - (-3)/2. Let s(a) = 0*a**w - a**2 - 4*a + 1 + 15*a**3 + 3*a + 0. What is s(1)?
14
Let r(f) = 2*f + 6. Let d be (0 + 1/1)/((-146)/(-2920)). Calculate r(d).
46
Let m(v) be the second derivative of v**4/12 - v**3/6 - v**2/2 - v. Let o(r) = -r**2 - 4*r - 1. Let z(q) = q - 9. Let a be z(5). Let f be o(a). Give m(f).
1
Suppose -2*m + 372 = m. Suppose 0 = 5*q - 11*q + 12. Let b(j) = -j**2 + 122 - m + 2*j**q - j. Calculate b(0).
-2
Let r(i) be the first derivative of -i**3/3 - 7*i**2/2 - 2*i + 2. Suppose 4*x - 5*d - 3188 = 0, -7*x + 4*x + 2391 = -5*d. Let p = 790 - x. Give r(p).
-2
Let j(z) = z**3 + z + 4. Let r(i) = -7*i**3 + 3*i**2 - 4*i - 16. Let w(d) = 6*j(d) + r(d). Calculate w(0).
8
Let y(o) = 18*o + 490. Let g be y(-26). Let v(s) = s**3 - 21*s**2 - 22*s + 2. Determine v(g).
2
Let l(o) = 4*o + 3. Let c(b) = 7*b + 8. Suppose 3*q - 318 = -312. Let h(g) = q*c(g) - 5*l(g). Suppose 3*p - p + 2 = 0. Calculate h(p).
7
Let b(p) = p**3 + 6*p**2 + p - 6. Let g be 6*(3 + 290/(-4)). Let x = g - -412. Calculate b(x).
14
Let d(o) = 9*o**2 - 8*o - 8. Let k = 7 + -12. Let c(v) = -9*v**2 + 7*v + 6. Let a(j) = k*c(j) - 4*d(j). Give a(1).
8
Suppose -2 = f - 5. Let m(k) = 12*k - 128. Let t be m(11). Let r(a) = 75 + 6*a**2 - a**2 + a**f - 74 + t*a. Calculate r(-4).
1
Let u(k) = 91*k**3 - 4*k**2 + 7*k - 7. Let o(q) be the first derivative of -2*q + q**2 + 15/2*q**4 - 1/3*q**3 - 32. Let n(b) = 7*o(b) - 2*u(b). Calculate n(1).
29
Let a(s) = -s. Let t(d) = -16*d + 29. Let i(x) = 9*x - 15. Let k(v) = 11*i(v) + 6*t(v). Let r(j) = -4*a(j) - k(j). Let l = 16 - 7. Give r(l).
0
Let z = 13 - -17. Let s = 110 - z. Let q be 1/(2*(-4)/s). Let b(a) = a + 12. Calculate b(q).
2
Let p(m) = 5*m**2 - 14*m - 12. Let y(s) = -4*s**2 + 14*s + 11. Let r be 45*11/275*10/3. Let f(z) = r*y(z) + 5*p(z). What is f(-13)?
-7
Let q(m) = m + 9. Let i be (-10)/(4/(-2)) - (-72 - -333). Let b = -262 - i. What is q(b)?
3
Let z = 9 - 9. Suppose 4*c + 4*o - 20 = z, 2*c - 3*o = -c + 15. Suppose c*l + 3 = 23. Let b(h) = -h - 1. What is b(l)?
-5
Let p(y) = y**3 + 7*y**2 + 3*y + 2. Let l be (7 - 9)/((-8)/20). Suppose -3*n + 61 - 19 = -l*f, 5*f + 5*n + 10 = 0. Give p(f).
20
Let k be 1*2*1/(-2). Suppose -2400*w + 2402*w = 6. Let u(d) = -11*d**3 + 29*d + 0*d**w - 30*d - 2*d**2. What is u(k)?
10
Let k(r) be the second derivative of r**3/2 - 3*r**2/2 - 93*r. Let f(j) = -j**3 - 5*j**2 + j + 4. Let w be f(-5). Let h = 1 - w. What is k(h)?
3
Let p(y) be the third derivative of -y**4/24 - 16*y**3/3 - 1561*y**2. Determine p(-36).
4
Suppose 2035 = -30*s + 41*s. Suppose 21*z - 500 + s = 0. Let w(x) = -x**3 + 15*x**2 - x + 11. Calculate w(z).
-4
Suppose -3*j + 62 = -2*f + 78, -24 = j + 2*f. Let m(b) = b**2 + 2*b - 86. What is m(j)?
-6
Let p(g) = -3*g**2 - 7*g - 9. Let h(l) = -5*l**2 - 12*l - 13. Let r(f) = 5*h(f) - 8*p(f). Suppose 0 = 3*b - 20 - 25. Let v = 10 - b. Give r(v).
2
Let i(o) = -3*o. Suppose r = -3*t + 15, 5 = t - 4*r + 8*r. Suppose -2*b + 2 = 4*k, -t*k + 28 = 4*b - 3*k. What is i(b)?
-27
Let w = -1215 + 814. Let i = 400 + w. Let t(b) = -6*b**2 - b - 1. Calculate t(i).
-6
Suppose -4*k + 2*k + 107 = -5*u, -12 = 4*u. Let y be 58/(-667) - 88/k. Let l(t) be the third derivative of t**4/8 + t**3/3 + t**2. Calculate l(y).
-4
Let p(j) = j - 1. Let d = 194 + -197. Let h(k) = -6*k + 8. Let f(a) = d*h(a) - 21*p(a). Suppose 3*x + l + 8 = -0*x, 4*l + 2 = 3*x. Determine f(x).
3
Let c(q) = -7*q**2 - 35 - 42 - 44 + 137. Calculate c(-4).
-96
Let o(w) be the third derivative of -w**4/8 - w**3/6 + 2*w**2. Let a(s) = -21 + 6*s - 19*s**2 - s**3 - 4*s + 29*s**2. Let d be a(10). Calculate o(d).
2
Let d(n) be the first derivative of n**4/12 - 7*n**2 + 65*n - 63. Let y(h) be the first derivative of d(h). Let g be 0*(0 - -3)/(-6). Give y(g).
-14
Let a(m) be the second derivative of -1/12*m**4 + 1/20*m**5 - 1 - 67*m - 2/3*m**3 - 2*m**2. What is a(-2)?
-8
Let a(x) = -x**3 + 6*x**2 + 7*x - 4. Let y(l) = 2*l**2 - l - 1. Let k(r) = -r**3 - 2*r**2 + 28*r + 24. Let q(u) = -k(u) - 4*y(u). Let w be q(9). What is a(w)?
-4
Let z(w) = -7*w - 235. Suppose 15 = 5*t - 2*b + 171, -96 = 2*t + 4*b. Give z(t).
3
Let d(g) = 6*g + 25. Let v(j) = -5*j - 22. Let s(b) = -4*d(b) - 5*v(b). Let m(h) = h**2 - 1. Let n be m(1). Determine s(n).
10
Let j(v) = 10*v - 4. Let g(k) = -k**2 + 5*k + 1. Let t(c) = -g(c) + j(c). Give t(-8).
19
Let g(a) = 20 - 12*a**2 + 68*a + 11*a**2 - 49*a - 31*a. Calculate g(-14).
-8
Let g(m) be the third derivative of m**8/20160 + m**6/120 + m**5/12 + m**4/6 - m**2 - 6*m. Let l(o) be the third derivative of g(o). What is l(0)?
6
Let r(m) = 18*m - 2. Let g be 5/(-15) - 11*1/3. Let j(h) = -22*h + 1. Let v(f) = g*j(f) - 5*r(f). What is v(-9)?
24
Let g be 8 - 7/14*-44. Suppose 4*c = 19*c + g. Let y(q) = -2*q**3 - 2*q**2 + q - 1. Calculate y(c).
5
Let d = -34 - -32. Let v be (d/(-3))/((-1)/(3*-1)). Let y(h) = -2*h - 3*h**2 - 4 - 4*h**v + 6*h**2 + 1. Give y(-3).
-6
Let f(m) = -9*m**2 + 3*m + 4. Suppose -4*x - 3*x - 105 = 0. Let r be (-9)/(-6)*(1 - x/(-9)). Let n be f(r). Let p(a) = -2*a - 1. Give p(n).
15
Let z(b) = -b**3 - b**2 + b. Let r(d) = 5*d**3 + 11*d**2 - d. Let k be -2 - ((-12)/(-10))/(14/(-35)). Let g(c) = k*r(c) + 4*z(c). Determine g(-7).
-21
Let v(z) be the second derivative of z**4/12 - z**3/2 - z**2 - 286*z + 5. Suppose -2*n = 1 - 13. Determine v(n).
16
Let v(i) = 18*i. Let b be (2/(-6))/((-9)/108) + 1. Let w(a) = 3*a + 1. Let o(h) = b*w(h) - v(h). Determine o(2).
-1
Let h(n) be the third derivative of 0 - 1/60*n**5 - 1/4*n**4 + 2/3*n**3 - 203*n**2 + 0*n. Suppose -11 = 3*q + 7. What is h(q)?
4
Let z(m) = 5*m - 87. Let w = 6064 + -6047. What is z(w)?
-2
Let g(i) be the second derivative of -3/2*i**2 - 37*i + 0 - 1/2*i**3. Give g(4).
-15
Let o(v) = -6*v - 553*v**2 - 6 - 1 + v**3 + 552*v**2 + 2. Give o(-4).
-61
Let h(s) = -21*s**2 + 4*s - 19. Let c(j) = -10*j**2 + j - 9. Let r(y) = -13*c(y) + 6*h(y). Calculate r(-2).
-3
Let t = 41 - 28. Suppose -t + 5 = -2*w. Let h(u) = 3*u - 12 + 5 + w + u. What is h(3)?
9
Let r(j) = -5*j**2 - 22*j + 21. Let a be (-6*6/54)/((8/(-3))/4). Determine r(a).
-6
Let i be -4*((-2)/(-3))/((-12)/9). Let k(y) = y**3 - 6*y + 8. What is k(i)?
4
Le